89 = -2*j. What is the greatest common factor of z and 62?
31
Suppose 4*w + 337*b = 341*b + 4660, 2*b - 5874 = -5*w. Calculate the highest common divisor of w and 1465.
293
Let f(h) = -19*h**2 + 17*h + 22. Let p be f(-3). Let m = p - -210. What is the greatest common divisor of m and 25?
5
Suppose -4*w = 2*x - 151846, -13*w - 2*x - 189812 = -18*w. Calculate the greatest common factor of w and 54.
54
Let g = 42 + -52. Let l be (3/(-2))/((-11)/g - 1). Let x(c) = -c**2 - 30*c + 18. Let k be x(l). Calculate the greatest common factor of 27 and k.
27
Let n(h) = 523*h**2 - 5*h. Let b be n(-1). Suppose -21*y + 25*y - b = 0. What is the greatest common factor of 462 and y?
66
Suppose 15*w = -8*w + 985 + 855. Calculate the highest common factor of w and 8660.
20
Suppose -12*n + 169 = -443. Let w = 62 - n. Let s(h) = h**3 - 10*h**2 - 10*h + 13. Let l be s(w). Calculate the greatest common factor of l and 4.
4
Let s be (27100/(-34 + 24))/(-1 + (-52)/(-60)). Calculate the highest common divisor of s and 75.
75
Let t be (48440/(-6228))/((-10)/36). Calculate the greatest common factor of t and 1708.
28
Let m be 8/(-14) + 1 - (-10266)/203. Let t = 103 + -94. Calculate the greatest common factor of t and m.
3
Let k(s) = -s + 14. Let w be k(9). Suppose 8*c = 9*c - 20. Calculate the highest common divisor of w and c.
5
Let i(u) = -52*u - 348. Let p be i(-14). What is the highest common factor of p and 80?
20
Suppose 16*a = -a + 1598. Suppose -5*b - 2*c = -a, 7*b - 3*c = 3*b + 66. Calculate the greatest common factor of 144 and b.
18
Let d(h) = h**3 + 10*h**2 - 16*h + 18. Let s be d(-10). Suppose -s + 129 = -a. What is the highest common divisor of a and 77?
7
Let s(w) = -294*w + 2. Let a be s(-2). Suppose 86*l = 3*o + 83*l + 33, o - 293 = -18*l. Calculate the greatest common factor of a and o.
5
Suppose 37*h = 42*h + 5*l - 2505, -l = 3*h - 1509. Let k(q) = 62*q + 1. Let z be k(1). What is the greatest common factor of z and h?
63
Suppose 0 = 8*k + 20973 - 23493. What is the greatest common divisor of 360 and k?
45
Let t(c) = 4*c - 22. Let u be t(5). Let r be (-395)/u - (-7)/((-140)/(-50)). What is the greatest common divisor of 25 and r?
25
Let o = -104 + 92. Let n be (54/o)/((-6)/80). Calculate the greatest common factor of n and 45.
15
Suppose -i + 5*j = -328, 3*j - 33 = 2*i - 703. Let k = i - 107. What is the greatest common factor of 33 and k?
33
Let j(f) = 19*f + 100. Let c be j(-10). Let u = -84 - c. Calculate the highest common factor of u and 6.
6
Let o = -543 - -234. Let p = o - -311. What is the highest common factor of 46 and p?
2
Let t(y) = 32*y + 10. Suppose 21*u - 35 = -14. Let f be t(u). What is the greatest common factor of f and 273?
21
Let z(p) = 32*p - 58*p + 27*p. Let l be z(2). Suppose -5*q + l*o = -199, -4*q - o + 80 = -74. Calculate the greatest common divisor of 39 and q.
39
Suppose 2*n + 5*r = -16, 2*r - 6*r - 6 = 5*n. Suppose 384 = n*h + 2*h. Suppose -h = 2*f - 10*f. Calculate the greatest common factor of f and 72.
12
Let s = 10574 - 10571. Calculate the highest common factor of s and 804.
3
Let p(a) = 3*a**2 - a - 6. Let s be p(0). Let t be (216/16)/(s/(-88)). What is the highest common divisor of 22 and t?
22
Suppose -2*v - 10 = -4*v. Let q(z) be the third derivative of -z**4/4 + 25*z**3/6 + 13*z**2. Let a be q(4). What is the greatest common factor of a and v?
1
Suppose -33 + 98 = 5*f. Suppose 3*t + 144 = 5*v, 15*v - 63 = f*v + 3*t. Calculate the highest common divisor of v and 1.
1
Let g = 56 - -5. Suppose -1 + g = -2*a. Let i be 36/(-5)*a/12. What is the greatest common divisor of i and 30?
6
Let n(k) = -15*k - 255. Let h = 812 + -840. Let m be n(h). Calculate the highest common divisor of m and 440.
55
Let n = 25 + -24. Let b be -3 - n*-6*6. What is the greatest common divisor of 55 and b?
11
Suppose -31*s + 288 = -19*s. Let y(j) = -j**3 + 24*j**2 + 3*j - 68. Let d be y(s). Calculate the greatest common divisor of 100 and d.
4
Let o be 340 - ((-4)/2 + 0). Calculate the highest common divisor of o and 1197.
171
Let n = 7760 + -4432. What is the highest common factor of 13 and n?
13
Let l(w) = 2*w**3 - 3*w**2 + 2*w + 6. Let d be l(0). Calculate the highest common factor of 17994 and d.
6
Suppose 7*r = 6*r + 6. Suppose r*k - 20 = 2*k. Suppose -270 - 90 = -k*u. Calculate the highest common divisor of u and 8.
8
Let w = -2294 - -10464. Calculate the greatest common factor of 20 and w.
10
Let u = -543 - -634. Let b(p) = -p**3 - 21*p**2 - 20*p + 7. Let o be b(-20). Suppose -o*n = -3*n - 52. What is the highest common factor of u and n?
13
Let v = -2677 - -3289. What is the greatest common divisor of 765 and v?
153
Let k(u) = 6*u**3 + 55*u**2 - 19*u - 230. Let d be k(-9). Let w be 0 - -1 - (3 + -167). Calculate the greatest common factor of w and d.
11
Let a be 11 - (16/((-20)/5) - -8). Suppose a*x = -x + 360. Calculate the highest common factor of 315 and x.
45
Let y(x) be the first derivative of -x**4/4 - 10*x**3/3 + 11*x**2/2 + 2*x - 36. Let v = 13 + -24. Let k be y(v). Calculate the highest common factor of k and 2.
2
Let m be 2/(-6) - 5817/(-63). Suppose z = -v + 140, 2*v + 2*z - 140 = v. Let f be (138/4)/(21/v). Calculate the greatest common divisor of m and f.
46
Let k(r) = r + 4. Let w be k(5). Suppose -12 = w*q - 57. Let u = q + 103. Calculate the highest common factor of u and 12.
12
Let s(u) = -18*u + 42*u + 10*u - 231 - 13 - u**2. Let y be s(14). What is the highest common divisor of 90 and y?
18
Suppose 0 = -4*o + 4*a - 1 + 21, 41 = 5*o - a. Let u be 42/o*(-42)/(-28). What is the greatest common divisor of 175 and u?
7
Let f = 91 - 64. Let a(o) = -19*o + 78. Let i be a(3). What is the greatest common factor of i and f?
3
Suppose -2*r + h + 2 = 4, -5*h + 23 = 3*r. Let l be r + -2 + 75 + (-9)/1. What is the greatest common factor of 65 and l?
65
Let y(m) = m**3 + 22*m**2 - 7*m + 14. Let p be y(-22). Suppose -10*q = -3*q - p. Let v be 1/(-4)*11/((-22)/q). Calculate the highest common divisor of 1 and v.
1
Suppose j = -4*j + 1425. Suppose -2*w + j = -5*w. Let i = -7 - w. What is the greatest common divisor of i and 11?
11
Suppose 168 = p - 3*s, 5*s + 622 = 5*p - 208. What is the greatest common factor of 480 and p?
15
Let h(u) = 2*u**2 + 19*u + 32. Let s be h(-2). Suppose 14*w - 160 = -s*w. What is the greatest common factor of 65 and w?
5
Let r = 80 + -82. Let g be r/11 - (-72)/33. Suppose -3*a - 2*j = -580, g*j = -5*a + 691 + 281. What is the highest common divisor of 28 and a?
28
Suppose 4*k - 5*k = -198. Let i = -55 - k. Let s = i + 379. What is the greatest common divisor of 21 and s?
21
Let l(z) = 126*z + 769. Let v be l(-3). Let p(f) = -19*f**3 - 2*f**2 + f + 1. Let k be p(-1). What is the highest common factor of v and k?
17
Let n = -5689 + 6670. What is the greatest common factor of 36 and n?
9
Let q = 15212 - 15208. Let i(a) = 20*a**3 + a**2 - a. Let l be i(1). Calculate the greatest common divisor of q and l.
4
Suppose 6 = -v + 15. Suppose -v*h - 346 + 427 = 0. What is the highest common factor of 7 and h?
1
Let c = -20791 - -20905. What is the greatest common factor of c and 12426?
114
Let d be 219 - (0/2 + -2). Suppose -265 = -25*i + 398 - 13. Calculate the highest common factor of i and d.
13
Suppose 0 = 119*u - 68*u - 1020. Calculate the greatest common factor of u and 4.
4
Let o be 3 - ((-44)/(-10) - (-6)/(-15)). Let b be (364/(-70))/(o - 33/(-35)). What is the greatest common divisor of b and 7?
7
Let j = 1708 + -1680. Calculate the highest common divisor of 574 and j.
14
Let t(i) = 8*i - 47. Let g be t(30). Let y = 284 - g. What is the highest common factor of y and 26?
13
Let p(i) = 2*i**2 - 49*i - 13. Let c be p(25). Let s(n) = -4*n + 40. Let a be s(c). Let y be 27*(a/6 - -2). What is the greatest common factor of y and 9?
9
Suppose -68*k = 68*k - 26*k - 14080. Suppose 4*b = 2*c + 4, -2*c + 0 = 3*b - 31. What is the greatest common factor of k and c?
8
Let s be 5 - 1 - (0 - (-8 + 13)). Let f be (4/5)/((s + -6)/60). Let a be (-4 - (0 + -1)) + 67. What is the greatest common divisor of f and a?
16
Suppose -10*j = -8*j - 2. Suppose -3*b - 2*h = -90, 4*h + 17 = b + j. Calculate the highest common factor of 7 and b.
7
Let a be (6/14)/(381/1778). What is the highest common factor of a and 317?
1
Let q(i) = -3